Suppose 0 = c + 2*r - 9, -3*c + 17 = -3*r + 4*r. Suppose -65 = -c*n + 3*s, 5*n - 4*n + s - 21 = 0. What is the highest common factor of 24 and n?
8
Suppose 0 = 15*t - 290 - 1525. Let g = -38 + 49. Calculate the greatest common divisor of t and g.
11
Suppose 5*x - 20*x = -300. What is the greatest common divisor of 110 and x?
10
Let v be 38/5*(-2 - -7). Let q = v - 20. Let b = 793 - 721. What is the greatest common factor of q and b?
18
Let m(q) = -q**3 + 9*q**2 + 12*q + 6. Let s be m(10). Let f(i) = 11*i**2 + 11*i - 28. Let y be f(3). What is the highest common factor of y and s?
26
Suppose 0 = -u + t + 178, -u + 77 = -3*t - 93. Calculate the greatest common divisor of 819 and u.
91
Let h = 56 - 131. Let u = h + 125. Calculate the greatest common divisor of 10 and u.
10
Let r(c) = 21*c**2 - 20*c - 35. Let u be r(-6). Calculate the greatest common divisor of 87 and u.
29
Let j be (-88)/(-33)*12/8. Let t = -154 + 274. Suppose j*x = z + 364, -3*z - t = -x - 18. Calculate the highest common divisor of 9 and x.
9
Suppose 15*k = -3*k + 5346. What is the highest common factor of 108 and k?
27
Let x be (6/5)/((-138)/(-345)) + (0 - 0). Suppose 5*m + 4 - 14 = 0. Calculate the highest common factor of x and m.
1
Let l be ((-7)/(49/(-126)))/(1/3). Let w be (-1 - -2)/((-1)/(-36)). What is the greatest common factor of w and l?
18
Suppose 22*h - 13*h = 54. Suppose -78 = -h*p + 90. What is the highest common divisor of p and 140?
28
Suppose 0 = -3*q - 11*z + 9*z + 11, -q = -z - 7. Suppose -4*h + 5*u + 40 = 0, -2*h + u = -13 - 1. Calculate the greatest common factor of h and q.
5
Let z = -477 + 497. What is the highest common factor of 35 and z?
5
Let y be (16*8/192)/((-2)/(-42)). Calculate the highest common factor of y and 301.
7
Let m = -33 + 23. Let k = m + 23. What is the greatest common divisor of 26 and k?
13
Let q = -5442 + 5505. Let a be -2 + 8 + (0 - -1). Calculate the highest common factor of q and a.
7
Suppose -j + 2*s + 274 = 3*j, 0 = -j + 4*s + 79. Let f = j + -53. Let u = 31 + 39. What is the highest common factor of f and u?
14
Suppose -30 = -21*n + 18*n. Calculate the highest common divisor of 425 and n.
5
Suppose 5*d + g - 25 = 6*g, 0 = -d - g + 11. What is the greatest common divisor of 56 and d?
8
Suppose -3*y - 2*y + 35 = -3*d, 4*d + 24 = y. Suppose -y*x = -6*x + 4. Let j be ((-12)/(-36))/(x/18). Calculate the greatest common divisor of 3 and j.
3
Let h = -33 + 36. Let o = h + 15. Calculate the greatest common divisor of 18 and o.
18
Let d = -244 + 489. Calculate the greatest common divisor of 196 and d.
49
Let f(m) = m**3 + 9*m**2 - 13*m - 4. Let s be f(-10). Let w be 3/(((-15)/234)/(-5)). Calculate the greatest common factor of w and s.
26
Let i(z) = z**2 + 11*z + 12. Suppose 4*t + 62 = 2*h, -3*t = -5*h + 35 + 15. Let r be i(t). What is the greatest common factor of 24 and r?
24
Suppose z = -2*z + 6. Suppose z*i = 5*i - 27. Calculate the highest common factor of i and 18.
9
Let b(l) = l + 9. Let h be b(-6). Suppose -h*w + 14 = -7. Suppose -6*m = -w*m + 50. What is the highest common factor of m and 10?
10
Let l = 11 + 133. Let g = -17 - -17. Suppose 4*f + 4*y - 48 = g, -3*f = 5*y - 12 - 16. What is the highest common divisor of f and l?
16
Suppose -3*k + 571 = 46. Suppose 2*r + 3 = -k. Let p = -59 - r. What is the highest common divisor of 3 and p?
3
Let q(g) = -8*g**3 - g**2 - 9*g + 35. Let b be q(-6). What is the greatest common factor of 13 and b?
13
Let i(k) = -k**2 + k + 15. Suppose -4*y = -s - 3*s - 12, -5*s = 15. Let b be i(y). Let j = b + -12. What is the highest common factor of 33 and j?
3
Let v = 59 + -19. Suppose -5*o + v = -o. Let p be (2 - -5) + -3 - 2. Calculate the highest common divisor of o and p.
2
Let u = -31 - -46. What is the highest common factor of 35 and u?
5
Suppose 42 = -2*v + 5*v. Suppose -6*o = -v*o + 56. What is the highest common factor of 49 and o?
7
Suppose 5*m + b - 1775 = 0, 4*m + 2*b = 4*b + 1434. Suppose -3*a - 5*z + m = 0, -2*z = -a - 6*z + 121. Calculate the greatest common divisor of a and 13.
13
Let l be (-6)/4*(0 + (-78)/9). Suppose -3*r = 4*y + 1, -5*y + 3*r = 2*r - l. Calculate the highest common factor of 16 and y.
2
Suppose -i - 8 = 4*s, -9 = -3*i - s - 0*s. Let b(d) = d. Let p be b(i). Let n be 5 + 5/(25/5). What is the greatest common factor of n and p?
2
Let s be ((-6)/(-4))/((-54)/(-72)). Suppose -s*z - 3*t + 62 = 0, -4*z - t - 39 = -153. What is the highest common factor of z and 14?
14
Let v(g) = g**2 + 7*g - 1. Let l be v(-8). Let f be l/(-21)*(0 + -18). Calculate the highest common divisor of 4 and f.
2
Suppose 0 = -3*u + 29 + 4. Suppose -4*q = -4*b - 0*q + 28, b = 2*q + u. What is the highest common factor of 9 and b?
3
Let t be 128 - 1 - (23 - 24). Calculate the highest common factor of 2 and t.
2
Suppose 0 = -9*b + 3101 + 3217. What is the greatest common divisor of 13 and b?
13
Let k = 55 + -39. Suppose 0 = -3*n - n + 4, 2*h - 20 = 4*n. Suppose -4*z + 4 = -h, -y - 2*z = -10. Calculate the highest common divisor of k and y.
2
Suppose -2*s + 7*s = 310. Let r = -42 + s. What is the greatest common divisor of 80 and r?
20
Let d = 3355 + -3227. Suppose 2*t - 4*t + 32 = 0. Calculate the highest common factor of d and t.
16
Suppose l + 3*p - 31 - 3 = 0, 5*l + 4*p - 203 = 0. Suppose 9 = 4*n - l. Suppose -n - 5 = -2*b. Calculate the highest common factor of b and 9.
9
Suppose 0*s = s - 381. Let u be 1/1 + s/3. Suppose 5*z = -3*b + 3*z + 50, 0 = -4*b + z + 63. What is the greatest common factor of b and u?
16
Suppose -542 = -27*a - 29. Suppose 2*l - 2*c - 162 = 0, -c - 25 = 4*c. What is the highest common divisor of a and l?
19
Let j be 1721 + 3 + -16 + 14. Calculate the highest common factor of 42 and j.
42
Let k(m) be the first derivative of 7*m**3/3 + 2*m**2 + 2*m - 3. Let a be k(-2). What is the greatest common divisor of a and 22?
22
Suppose 3*f - 96 = f. What is the greatest common factor of 216 and f?
24
Let h be (4 + (-8)/(-12))*(-33)/(-2). Let w(y) = -y + 12. Let v be w(5). Calculate the highest common divisor of h and v.
7
Let m be ((-3)/(-2))/(6/32). Suppose 160 = -m*f + 3*f. Let v = f - -60. What is the greatest common divisor of 42 and v?
14
Let p(u) = 2*u**2 - u - 68. Let l be p(8). What is the greatest common factor of 65 and l?
13
Suppose 185*q = 177*q + 208. What is the greatest common divisor of 26 and q?
26
Let b(t) = 2*t + 0 - 2 + 27 - 9. Let w be b(-7). What is the highest common factor of 8 and w?
2
Let f(b) = 6*b. Let t be f(2). Let r(o) = 3*o. Let p(v) = 9*v - 1. Let u(g) = 6*p(g) - 17*r(g). Let w be u(8). What is the highest common factor of w and t?
6
Let h(p) = 5*p - 20. Let i be h(6). What is the greatest common divisor of 290 and i?
10
Suppose -3*m + 8 = 2*c - 1, -2*m = -c - 6. Suppose m*u - 28 = 8. Suppose 0 = -f + 3*f - u. Calculate the greatest common factor of f and 66.
6
Let l be 12/(-14) + 14056/49. What is the highest common factor of 52 and l?
26
Suppose n + 21 = 2*n. Let q be (-4)/(-14) + 288/n. Let s(d) = -15*d**3 - 1. Let c be s(-1). Calculate the highest common divisor of q and c.
14
Suppose 0 = a - 6*a - 20, -4*z = -5*a - 80. Suppose 7 - 1 = 2*x. What is the highest common factor of z and x?
3
Let x = -12 + 17. Suppose -180 = 13*n - 440. What is the highest common divisor of x and n?
5
Let l = -100 + -212. Let i = l - -560. Calculate the greatest common divisor of 31 and i.
31
Let d = -841 + 883. What is the highest common factor of 2100 and d?
42
Let g = 4 - 0. Let o = 7 - g. Suppose h - 2*h + 27 = 0. Calculate the highest common divisor of h and o.
3
Suppose 4*r - 16 = -8. Suppose -189 = -r*b + 3. What is the greatest common divisor of b and 12?
12
Let u(w) = w**3 - w + 20. Let a be u(0). Suppose -968 + 68 = -5*t. Calculate the highest common factor of t and a.
20
Let g = 1017 + -388. What is the greatest common divisor of 37 and g?
37
Suppose -3*o + 96 = 5*f, 30 = 3*f - o - 22. Let q be 37/4 - 2/8. Let b be 16/3 + 6/q. What is the greatest common factor of f and b?
6
Let z(t) = -34*t - 286. Let m be z(-9). What is the highest common factor of 16 and m?
4
Suppose x = -3, 7*x - 4*x - 221 = -p. What is the greatest common factor of 184 and p?
46
Suppose 11*d + 6*d = 2*d. Suppose r - 5*a + 16 - 90 = d, -3*a - 70 = -r. Calculate the greatest com